or of 59346?
False
Is 6600185 a multiple of 48?
False
Does 47 divide 93806?
False
Is 51 a factor of 61532?
False
Does 55 divide 13204458?
False
Is 3710304 a multiple of 288?
True
Is 27 a factor of 2667627?
True
Does 19 divide 1183940?
False
Is 13273120 a multiple of 80?
True
Is 59 a factor of 278676?
False
Is 19 a factor of 10260?
True
Does 5 divide 104275?
True
Is 3732377 a multiple of 685?
False
Is 75 a factor of 110028?
False
Is 74335 a multiple of 253?
False
Does 440 divide 2564760?
True
Is 20 a factor of 6920?
True
Is 539 a factor of 778102?
False
Is 219000 a multiple of 376?
False
Is 1827356 a multiple of 38?
False
Does 3 divide 154248?
True
Does 123 divide 1780387?
False
Does 360 divide 3594629?
False
Does 79 divide 570825?
False
Is 24706 a multiple of 5?
False
Is 77 a factor of 546854?
True
Is 644908 a multiple of 373?
False
Does 3 divide 673272?
True
Is 5 a factor of 367550?
True
Does 15 divide 1440240?
True
Is 6784 a multiple of 212?
True
Is 21158250 a multiple of 2037?
False
Does 435 divide 9928757?
False
Is 331 a factor of 466834?
False
Is 467 a factor of 3733766?
False
Is 775954 a multiple of 16?
False
Is 8121252 a multiple of 111?
False
Is 6320564 a multiple of 744?
False
Is 339 a factor of 1230231?
True
Is 6 a factor of 1414907?
False
Does 60 divide 331927?
False
Is 164 a factor of 3064176?
True
Does 18 divide 19484?
False
Is 1304 a factor of 5821056?
True
Is 2090 a multiple of 2?
True
Is 12 a factor of 6569664?
True
Is 76 a factor of 1512650?
False
Is 788 a factor of 4152232?
False
Does 136 divide 47766?
False
Does 15 divide 1521784?
False
Is 164528 a multiple of 26?
True
Does 437 divide 1503438?
False
Is 105 a factor of 3915765?
True
Is 4 a factor of 10818?
False
Is 105825 a multiple of 8?
False
Is 10832536 a multiple of 374?
True
Is 20 a factor of 343048?
False
Is 16 a factor of 15808?
True
Is 28793732 a multiple of 22?
True
Is 165 a factor of 296341?
False
Is 551475 a multiple of 9?
True
Does 792 divide 387488?
False
Is 35887 a multiple of 2?
False
Is 215148 a multiple of 12?
True
Is 129488 a multiple of 256?
False
Is 194 a factor of 486596?
False
Is 6267780 a multiple of 212?
True
Is 266 a factor of 3349623?
False
Is 95612 a multiple of 22?
True
Is 57 a factor of 718827?
True
Is 15923683 a multiple of 9?
False
Is 187285 a multiple of 7?
True
Does 4 divide 12164?
True
Is 669 a factor of 1646560?
False
Is 13 a factor of 4910915?
False
Is 318010 a multiple of 110?
True
Does 153 divide 528787?
False
Does 14 divide 53033?
False
Is 61849 a multiple of 118?
False
Does 252 divide 355427?
False
Does 278 divide 1063628?
True
Is 36 a factor of 189214?
False
Is 98088 a multiple of 122?
True
Does 12 divide 672214?
False
Is 603 a factor of 5490070?
False
Does 180 divide 408960?
True
Does 544 divide 15629120?
True
Does 92 divide 326363?
False
Is 9 a factor of 935916?
False
Is 101 a factor of 152712?
True
Does 36 divide 42195?
False
Is 53454 a multiple of 453?
True
Is 215267 a multiple of 13?
True
Is 6 a factor of 407794?
False
Is 20920080 a multiple of 240?
True
Is 246 a factor of 713400?
True
Is 4 a factor of 4261954?
False
Is 17495000 a multiple of 27?
False
Is 6 a factor of 482416?
False
Does 62 divide 4131122?
True
Does 38 divide 2325676?
True
Is 320 a factor of 714338?
False
Is 327 a factor of 7848?
True
Is 412865 a multiple of 292?
False
Is 354 a factor of 2016869?
False
Is 93 a factor of 11848862?
False
Is 9 a factor of 4185099?
True
Is 307775 a multiple of 54?
False
Does 7 divide 1072734?
False
Does 4 divide 2576?
True
Does 115 divide 160300?
False
Does 10 divide 5259053?
False
Does 16 divide 9036320?
True
Is 477 a factor of 1316997?
True
Is 7 a factor of 219961?
True
Does 13 divide 110942?
True
Is 5258207 a multiple of 383?
True
Is 55 a factor of 699755?
False
Does 24 divide 3034012?
False
Does 31 divide 133750?
False
Is 2544009 a multiple of 39?
True
Is 2 a factor of 85466?
True
Does 228 divide 906756?
True
Is 47 a factor of 235282?
True
Is 26 a factor of 57245?
False
Is 19 a factor of 27850?
False
Does 27 divide 534168?
True
Does 315 divide 25637850?
True
Is 1659358 a multiple of 15?
False
Is 1360 a multiple of 67?
False
Is 223 a factor of 21716?
False
Is 33 a factor of 79926?
True
Is 16 a factor of 1593293?
False
Is 74351 a multiple of 149?
True
Does 192 divide 133056?
True
Is 4 a factor of 255877?
False
Is 9265 a multiple of 109?
True
Is 8166576 a multiple of 8?
True
Is 48647 a multiple of 15?
False
Is 409860 a multiple of 405?
True
Does 26 divide 341109?
False
Does 125 divide 58492?
False
Is 24 a factor of 57301?
False
Is 372718 a multiple of 5?
False
Is 30098 a multiple of 23?
False
Is 3107712 a multiple of 12?
True
Is 244270 a multiple of 19?
False
Does 96 divide 7317408?
True
Is 441 a factor of 971209?
False
Does 97 divide 563764?
True
Does 23 divide 787355?
False
Does 336 divide 10299762?
False
Is 118 a factor of 786823?
False
Is 48672 a multiple of 96?
True
Does 220 divide 20545800?
True
Is 54 a factor of 1114506?
True
Does 5 divide 27290?
True
Is 6 a factor of 336501?
False
Is 223610 a multiple of 25?
False
Is 23 a factor of 2085194?
False
Is 30946 a multiple of 39?
False
Is 485 a factor of 604376?
False
Does 304 divide 117898?
False
Does 123 divide 6929911?
False
Is 37106 even?
True
Does 20 divide 1952720?
True
Is 246 a factor of 168107?
False
Is 8308869 a multiple of 1635?
False
Is 13 a factor of 17172239?
False
Is 142 a factor of 82928?
True
Is 1948499 a multiple of 173?
True
Is 65 a factor of 1997320?
True
Does 143 divide 6717997?
True
Does 55 divide 139425?
True
Is 31 a factor of 6479?
True
Is 980054 a multiple of 6?
False
Is 39 a factor of 383604?
True
Does 12 divide 459222?
False
Is 4 a factor of 4138?
False
Does 39 divide 160602?
True
Does 308 divide 119504?
True
Is 608284 a multiple of 201?
False
Is 19 a factor of 70091?
True
Does 386 divide 230442?
True
Is 159 a factor of 134673?
True
Does 315 divide 1608261?
False
Is 729897 a multiple of 39?
False
Is 79 a factor of 855061?
False
Does 1117 divide 1223697?
False
Is 51 a factor of 69768?
True
Is 31 a factor of 161609?
False
Is 257879 a multiple of 6?
False
Does 101 divide 91755?
False
Does 34 divide 389436?
True
Is 17 a factor of 100657?
True
Does 205 divide 360390?
True
Is 149650 a multiple of 146?
True
Is 18 a factor of 546963?
False
Does 22 divide 13824186?
False
Is 865765 a multiple of 131?
False
Is 583037 a multiple of 130?
False
Is 32 a factor of 579744?
True
Is 129 a factor of 2779434?
True
Is 1064 a factor of 3027080?
True
Is 3537556 a multiple of 37?
False
Is 248543 a multiple of 29?
False
Is 900699 a multiple of 268?
False
Is 5 a factor of 79585?
True
Is 2324928 a multiple of 60?
False
Is 1828575 a multiple of 63?
True
Is 8963 a multiple of 3?
False
Is 4 a factor of 198320?
True
Is 447 a factor of 6008127?
True
Does 22 divide 1857020?
True
Does 18 divide 4105908?
True
Does 9 divide 5352795?
True
Is 132526 a multiple of 167?
False
Is 306 a factor of 44676?
True
Is 140 a factor of 126725?
False
Is 639606 a multiple of 363?
True
Is 1705649 a multiple of 54?
False
Is 621828 a multiple of 36?
True
Does 2050 divide 24876750?
True
Is 191 a factor of 3965260?
False
Does 164 divide 334560?
True
Is 3 a factor of 26232?
True
Does 116 divide 15776?
True
Is 1249780 a multiple of 141?
False
Does 766 divide 2030666?
True
Is 5528772 a multiple of 342?
True
Is 1012410 a multiple of 35?
True
Is 5429 a multiple of 3?
False
Is 15429366 a multiple of 69?
True
Is 7 a factor of 38592?
False
Is 158699 a multiple of 109?
False
Is 17 a factor of 34357?
True
Is 14018 a multiple of 4?
False
Is 37 a factor of 27473?
False
Is 102234 a multiple of 14?
False
Does 324 divide 353620?
False
Is 15 a factor of 24598?
False
Is 118889 a multiple of 17?
False
Is 11724584 a multiple of 277?
False
Is 83 a factor of 1469669?
False
Is 1836131 a multiple of 480?
False
Is 138 a factor of 516948?
True
Does 8 divide 1028280?
True
Does 1713 divide 4775844?
True
Does 2 divide 25442?
True
Is 3346411 a multiple of 334?
False
Is 48 a factor of 355137?
False
Is 38 a factor of 175265?
False
Does 27 divide 842214?
False
Is 16929339 a multiple of 10?
False
Is 55 a factor of 6885703?
False
Does 59 divide 304912?
True
Does 3 divide 481776?
True
Is 4222390 a multiple of 13?
False
Is 159741 a multiple of 1